s the value of 5 + -6 + 2 + 0?
1
What is 1 + -4 + 2 + 3?
2
What is -1 + -2 + 9 + -4?
2
Calculate (-2 - -9) + -3 - 3 - -2.
3
What is the value of -9 + (-5 + 5 - -7)?
-2
What is -3 + (3 - -4 - 4) - 2?
-2
What is the value of -23 + -8 + 20 - -7?
-4
Calculate 8 + (-3 + 3 + -4 - -2).
6
-5 + 4 + (0 - 1 - -5)
3
What is the value of 0 - (-4 + (3 - 1) - -6)?
-4
Calculate 10 + -6 - 11 - -7.
0
Calculate -5 - (-11 + 7) - (-1 - 0).
0
Calculate -5 - -3 - -1 - (1 - 6).
4
Evaluate -5 - (0 - 6 - (-10 - -7)).
-2
1 + 5 - (3 + 1)
2
2 + 1 - (-3 + 6)
0
Evaluate -2 - (7 - (-3 + 9)).
-3
5 - (3 - (1 + 1)) - 1
3
Calculate 3 + (-1 + 4 - 0 - 9).
-3
What is the value of (3 - (-1 - -12)) + (4 - 1)?
-5
Evaluate (6 - 8) + (-1 - -1) + 0.
-2
Evaluate -1 + 0 + (-6 - (0 - 9)).
2
What is (-6 - (-5 - 1)) + 2 - 8?
-6
What is (4 - (9 - 5)) + -5 + 4?
-1
Calculate -7 - (1 - (4 + 0)).
-4
Calculate -2 + 4 - ((3 - 6) + 2).
3
What is -2 - (-13 - -6 - -7)?
-2
-3 - -4 - (7 - (-3 - -4))
-5
Evaluate 2 + -2 + (-1 - (3 - 2)).
-2
What is the value of -7 - (-3 + 0 + 4) - -5?
-3
What is -1 - (-4 + 7 + 0)?
-4
What is 0 - (6 - (5 - 0))?
-1
Calculate 2 + 1 + 1 + -1.
3
What is the value of (5 - 5 - -5) + -5?
0
Evaluate (-6 - -2) + (4 - (-2 + 6)).
-4
What is the value of -2 - (2 + 1 + -3)?
-2
Evaluate 1 - (0 - 4 - -4).
1
Calculate (2 - 1) + 30 + -38.
-7
Evaluate 2 + (-5 - (5 - 12)).
4
0 + (2 - -3 - 3) + -6
-4
What is the value of 3 + 3 + -1 + (1 - 5)?
1
What is the value of 11 + -22 + 5 + 7?
1
Evaluate 2 - (10 + (-2 - -3) + -2).
-7
What is 5 + -17 + (-1 - -1 - -4)?
-8
What is -5 + (2 - -11) + -3?
5
Calculate -8 + (-16 - -16 - (1 - 8)).
-1
Calculate 6 + -11 - (0 - 6).
1
(-3 + 0 - -6) + (4 - 9)
-2
What is 58 + -60 - (-8 + 0)?
6
Evaluate -6 - (-1 + (-3 - 5)).
3
Calculate -5 - (-10 + 4 + 3).
-2
Evaluate (-8 - (-11 - 9)) + -9.
3
What is -1 + (9 - 0 - 11)?
-3
What is the value of -6 + 14 + -3 - 7?
-2
What is the value of -10 + 9 + -4 - 1?
-6
-3 - ((-2 - 0 - 1) + 0)
0
-3 + 1 + 3 + -2 + 1
0
Calculate -2 + (-3 - -1) + 2.
-2
Calculate -1 + 1 + 0 + 5 - 3.
2
What is (-2 - -15) + -23 + 20?
10
What is the value of 0 + -2 + -33 + 43?
8
0 + 0 + (0 - -3)
3
Evaluate (44 - 46) + (1 - 3).
-4
What is the value of 0 - (4 + -5 + 2)?
-1
Evaluate (2 - (0 - -2)) + -2.
-2
Evaluate -6 + 14 + -8 - 6.
-6
Calculate -14 - (3 - 11) - -11.
5
Calculate -3 - 0 - (-29 + 32).
-6
Evaluate -7 + (-4 - -5) - (-4 - 0).
-2
Calculate 8 + -5 - (2 - 4).
5
What is the value of (9 - 7 - (9 + -1)) + 3?
-3
Calculate -10 + 1 + (-10 - -9).
-10
Evaluate 5 - -1 - (5 + -1) - -2.
4
What is 5 + (-11 - (7 - 14))?
1
Evaluate (0 - 0) + (-1 - 0) + 10.
9
What is the value of -2 - ((0 - 10) + 6 + 0)?
2
Calculate -8 - (-3 + -3 + -4).
2
What is (0 - 0) + (106 - 111)?
-5
Calculate -2 - -2 - (7 + -4).
-3
What is the value of 4 - -3 - (7 + -7)?
7
0 - (4 - -1) - -3 - 2
-4
What is 1 + 1 - (0 - -2) - -5?
5
Calculate -1 + -3 - (-5 - -4).
-3
Calculate -6 + 1 + -1 + 8.
2
What is 1 - (-12 + 7 + 10)?
-4
What is the value of 9 - (5 - 2) - (-14 - -13)?
7
Calculate (0 + -2 - -6) + -8 + 5.
1
What is (5 - 5 - 6) + 4?
-2
Evaluate (-5 - -2) + 4 + -4.
-3
Calculate 0 - (-4 + -3 + 5).
2
Evaluate -3 + (3 - (6 - 3)) - -8.
5
What is 0 + 6 - (6 - -1 - 7)?
6
Calculate (0 - -3) + 4 + (-1 - 5).
1
6 - (7 + 0) - -5
4
Calculate -1 + (-1 + 5 + -9 - -11).
5
-3 + (0 + 0 - (7 + -5))
-5
What is 3 - ((-1 - (4 - 4)) + -1)?
5
What is 13 - 13 - (0 + 3 + -1)?
-2
What is the value of -6 + (-1 - (6 + (-3 - 13)))?
3
4 - 12 - -9 - (2 - 2)
1
Evaluate 5 + -8 + (5 - 1).
1
Evaluate (-2 - 1) + 0 - (-2 - -2).
-3
(-12 - -25) + -5 - (3 - 4)
9
What is the value of 5 - (-8 + 5 + -3 + 12)?
-1
Evaluate (1 - 2) + 5 - (0 - -4).
0
Evaluate -1 + (-2 + 5 - 6) - 0.
-4
Calculate 3 - (-1 + 4 + 2 + -8).
6
What is the value of 5 - (-1 - ((0 - -2) + -6))?
2
33 - 23 - (10 + (-2 - 1))
3
Calculate 4 + -1 + 8 + -6.
5
Calculate 6 + (-2 - 2) - -3.
5
What is the value of 0 + 0 - ((-1 - -18) + -16)?
-1
Calculate -4 + 7 + 3 - 8 - -6.
4
Evaluate -1 - -12 - (4 + -2).
9
Calculate -4 + -4 + 1 + 9.
2
2 + 2 - (0 + 1 + 1)
2
Evaluate (-3 - -1) + (3 - 5) + 2.
-2
What is (199 - 203) + (-1 - -6 - 1)?
0
What is the value of 2 - (-1 - 0 - -3) - 5?
-5
What is the value of -3 + (3 - 0) - 0?
0
What is 1 - -4 - (4 - 0) - 3?
-2
Evaluate -6 + -7 + -1 + 15.
1
Evaluate 7 + (7 - (-6 + 6)) + -6.
8
-4 + 2 + -9 + 6
-5
What is 3 - ((-2 + -2 - -3) + -1)?
5
Evaluate 4 - (-2 - -6) - -2.
2
What is 0 + -6 - (-8 - (-5 - -8))?
5
(2 - 8) + 4 - 4
-6
Calculate 3 - 1 - (-37 + 41).
-2
Evaluate (-3 - (-5 - -4) - 2) + 9.
5
-1 + 5 + 0 + 2 + -2
4
Calculate -2 + 2 + -1 + 1 + -2.
-2
What is 6 - (1 + (-2 - 1))?
8
-13 + (-48 - -43 - (-2 + -9))
-7
Evaluate 2 + (7 - (-7 + 11)).
5
-2 + -12 + (11 - 4)
-7
Calculate -45 + 64 + (-10 - 0).
9
Evaluate 2 - (4 - (3 - (1 - -1))).
-1
Calculate (8 + (3 - 6) - 0) + 2.
7
Evaluate 3 + 2 + 1 + (20 - 23).
3
What is 0 + 2 + -1 + -1 - -3?
3
Evaluate -1 + 2 + (-21 - -16).
-4
What is the value of (9 + -3 - (-5 - -11)) + 4?
4
Evaluate 2 + (-5 - -8) + 1.
6
Evaluate 5 + 5 + -3 + (2 - 5).
4
Evaluate (9 - 8 - 4) + 7.
4
-1 - -9 - (-21 + 26)
3
Calculate -4 + (-7 - -9) + 6.
4
What is the value of -3 + (-5 + (-1 - -5) - -7)?
3
What is (5 - 4) + -6 + 8 - -7?
10
Calculate (-2 - -1) + 1 - -4.
4
Calculate 5 + -1 - ((-3 - 2) + 5).
4
What is the value of -1 - 1 - (-10 + -11 + 20)?
-1
What is 4 - (-3 + (23 - 10))?
-6
Evaluate 12 - 16 - (-2 - (0 + -1)).
-3
What is -31 + 39 + (1 - 11)?
-2
Calculate 4 - (9 + 0 + -2).
-3
Evaluate 11 + 4 - 5 - 5.
5
What is the value of -4 - (1 + 0 + 14 + -12)?
-7
Calculate 10 + -3 + (2 - 5).
4
What is (4 - (5 - (6 - 1))) + -1?
3
Calculate 3 - ((-2 - -8) + 0).
-3
What is -3 + (1 + 5 - 4) + -2?
-3
What is -3 + -7 + 15 + -10?
-5
((3 - 2) + -7 - -2) + 3
-1
What is the value of (-2 - -9 - (-5 - -8)) + 6?
10
Evaluate 2 - 2 - (5 - (-7 + 6)).
-6
What is 7 - 12 - (-2 - 2)?
-1
What is 0 + (6 - 14) + (0 - -6)?
-2
What is 5 - (-5 - (-17 - -6))?
-1
Evaluate -6 - -5 - (-5 + 3 + 3).
-2
Evaluate 8 - (0 - (3 - 4 - 2)).
5
4 + 1 + -3 + -3
-1
Evaluate -11 - ((5 - 17) + 6).
-5
3 - (1 - -1 - (3 + -7))
-3
2 + 1 + -3 + 4
4
Evaluate -6 + 0 + (2 - (1 - 3)).
-2
What is -1 + -4 + 2 + -2?
-5
Evaluate (-2 - 1 - -6) + -9 + 4.
-2
Evaluate 1 + (0 - 12) + 3.
-8
Calculate -14 + 2 + (70 - 63).
-5
What is 0 - (7 + -6 - 2)?
1
67 + -66 - (-1 - 4)
6
Calculate (-15 - (-11 - 0)) + 12.
8
5 - (-13 - (9 + -19))
8
What is the value of (4 - 10) + 0 - -11?
5
What is the value of 0 + 2 + (1 - (2 - -4))?
-3
Calculate (-1 - -1) + 1 + -1.
0
What is the value of 1 + (1 - (1 - -3 - 5))?
3
Evaluate (3 - 1) + (-3 - -3).
2
What is 1 - (-2 - -4) - -2?
1
What is -6 - (-8 + (-5 - -5))?
2
What is (10 - 0) + -14 + 9?
5
What is the value of -76 + 76 - (-1 - -4)?
-3
What is the value of 1 - -6 - (2 + 5)?
0
What is the value of -10 + 10 - (3 + -6)?
3
9 + -22 + 2 - -13
2
What is -11 - (10 + -15 + -10)?
4
Evaluate -19 + 11 + 11 + (-10 - 1).
-8
What is the value of (5 - 1) + 0 + -3?
1
Calculate -2 + -3 + 1 + 2 + 2.
0
What is 7 + (-5 - 5) + -6?
-9
What is the value of -1 + -2 + 6 + -2 - -2?
3
Calculate (-10 - -21 - 14) + -2.
-5
1 - -2 - (3 - (9 - 4))
5
Evaluate -1 + -3 - (-4 + 5 - 0).
-5
Calculate -2 + (-6 - -6 - -1 - -4).
3
What is -4 + 1 + (10 - 12)?
-5
-91 + 86 - (-15 + 3)
7
What is the value of 1 + 3 - (-53 + 58)?
-1
Calculate (5 + -6 - 5) + 11.
5
What is 1 + 6 + 0 - 4?
3
What is 2 + -3 + -3 + 2?
-2
-1 + -1 + 13 + 4 + -5
10
17 + -22 - (-1 - 8) - 5
-1
-3 + -6 + 3 + (-7 - -9)
-4
Evaluate 1 + -5 + -7 - -8.
-3
Calculate 3 + (0 - (-2 - 2 - -2)).
5
Calculate (8 - 11) + 7 - 9.
-5
Evaluate 6 - 5 - 1 - (2 - -2).
-4
What is the value of -1 - (-8 + 3) - 4?
0
Calculate -4 + 7 + -10 + 5.
-2
(1 + 7 - 6) + -1
1
(-13 - -13) + 17 - 9
8
What is -5 + 16 + (7 - 14)?
4
Calculate 4 + 1 - (-4 - (-1 - 6)).
2
-7 + (11 - (-3 + 0))
7
Evaluate (9 - (9 + 10)) + 8.
-2
Calculate -7 - -10 - (5 - 0).
-2
Calculate 3 + 2 - 3 - (1 + 3).
-2
Evaluate 10 + -3 - (4 - (5 + -1)).
7
What is 2 + 1 + -4 + -2 + 1?
-2
Evaluate 0 + -10 + 7 + -1 - 3.
-7
What is the value of -5 - (-5 - -5 - 3)?
-2
Evaluate (-8 - (-23 + 10)) + -2 + -1.
2
What is 0 - 3 - (-4 + -3 + 0)?
4
What is (7 - (-3 - -6) - -1) + -1?
4
-3 + 0 + 8 - (10 - 7)
2
-4 - (-2 + -6 - -5)
-1
Calculate -1 - ((3 + -8 - -4) + 4).
-4
-5 - (-4 - 2 - (2 - 4))
-1
-5 + 1 + 3 + -7 + 2
-6
Calculate -1 + -